{"id":89,"date":"2025-02-12T07:56:16","date_gmt":"2025-02-12T07:56:16","guid":{"rendered":"https:\/\/atb-resources.com\/insight2025\/?page_id=89"},"modified":"2026-04-08T01:00:19","modified_gmt":"2026-04-08T01:00:19","slug":"organization","status":"publish","type":"page","link":"https:\/\/www.insight-conf.org\/index.php\/organization\/","title":{"rendered":"ORGANIZATION"},"content":{"rendered":"\n<h2 class=\"wp-block-heading\">Steering Committee<\/h2>\n\n\n\n<ul class=\"wp-block-list\">\n<li>Prof. Bahri \u015eAH\u0130N, Rector of Istanbul Gelisim University, Turkiye.<\/li>\n\n\n\n<li>Professor Dr Mohd Farhan Md Fudzee (Universiti Tun Hussein Onn Malaysia)<\/li>\n\n\n\n<li>Prof. Kenan AYDIN (Istanbul Gelisim University, Turkiye)<\/li>\n\n\n\n<li>Prof. \u0130zzet G\u00dcM\u00dc\u015e (Istanbul Gelisim University, Turkiye)<\/li>\n\n\n\n<li>Prof. Metin UYAR (Istanbul Gelisim University, Turkiye)<\/li>\n\n\n\n<li>Assoc. Prof. Serdar EGEL\u0130. (Istanbul Gelisim University, Turkiye)<\/li>\n\n\n\n<li>Assoc. Prof. Adnan DUYGUN. (Istanbul Gelisim University, Turkiye)<\/li>\n\n\n\n<li>Assoc. Prof. H\u00fcseyin \u00d6CAL. (Istanbul Gelisim University, Turkiye)<\/li>\n\n\n\n<li>Assoc. Prof. \u00c7a\u011fla TU\u011eBERK ARIKER. (Istanbul Gelisim University, Turkiye)<\/li>\n\n\n\n<li>Assoc. Prof. Emrah DO\u011eAN. (Istanbul Gelisim University, Turkiye)<\/li>\n\n\n\n<li>Assist. Prof. \u00d6zlem Tu\u011f\u00e7e KELE\u015e. (Istanbul Gelisim University, Turkiye)<\/li>\n\n\n\n<li>Professor Marijn Janssen ( TU Delft, Netherland)<\/li>\n\n\n\n<li>Professor Jan M Pawlowski (HRW University, Germany)<\/li>\n\n\n\n<li>Professor Meenu Khurana ( Chitkara University, India)<\/li>\n\n\n\n<li>Professor Dr Nurfadhlina Bt Mohd Sharef (Universiti Putra Malaysia)<\/li>\n\n\n\n<li>Professor Ir. April Lia Hananto, Ph.D ( UBP Karawang, Indonesia)<\/li>\n\n\n\n<li>Assoc. Prof. Dr. Dedy Syamsuar (Binus University, Indonesia)<\/li>\n<\/ul>\n\n\n\n<h2 class=\"wp-block-heading\">Conference Chair<\/h2>\n\n\n\n<ul class=\"wp-block-list\">\n<li>Ts. Ahmad Tajudin Bin Baharin (UTHM, Malaysia)<\/li>\n\n\n\n<li>Dr. Jacques Bazen (Saxion University, Netherland)<\/li>\n\n\n\n<li>Prof. Dr. Deden Witarsyah (APKRN, Malaysia)<\/li>\n\n\n\n<li>Assist. Prof. Aryo De Wibowo Muhammad Sidik, S.T., M.T. (Nusa Putra University, Indonesia)<\/li>\n\n\n\n<li>Dr. Seyma Kocak ( HRW, Germany)<\/li>\n\n\n\n<li>Riswan Septriayadi Sianturi, S.Si.., M.Sc., Ph.D (Brawijaya University, Indonesia)<\/li>\n\n\n\n<li>Prof. Anton Abdulbasah KAMIL (Istanbul Gelisim University, Turkiye)<\/li>\n\n\n\n<li>Prof. Kenan AYDIN (Istanbul Gelisim University, Turkiye)<\/li>\n\n\n\n<li>Prof. \u0130zzet G\u00dcM\u00dc\u015e (Istanbul Gelisim University, Turkiye)<\/li>\n\n\n\n<li>Prof. Metin UYAR (Istanbul Gelisim University, Turkiye)<\/li>\n\n\n\n<li>Assoc. Prof. Serdar EGEL\u0130 (Istanbul Gelisim University, Turkiye)<\/li>\n\n\n\n<li>Assoc. Prof. Adnan DUYGUN (Istanbul Gelisim University, Turkiye)<\/li>\n\n\n\n<li>Assoc. Prof. H\u00fcseyin \u00d6CAL(Istanbul Gelisim University, Turkiye)<\/li>\n\n\n\n<li>Assoc. Prof. \u00c7a\u011fla TU\u011eBERK ARIKER (Istanbul Gelisim University, Turkiye)<\/li>\n\n\n\n<li>Assoc. Prof. Emrah DO\u011eAN(Istanbul Gelisim University, Turkiye)<\/li>\n\n\n\n<li>Assist. Prof. \u00d6zlem Tu\u011f\u00e7e KELE\u015e (Istanbul Gelisim University,Turkiye)<\/li>\n<\/ul>\n\n\n\n<h2 class=\"wp-block-heading\">Technical Programme Committee<\/h2>\n\n\n\n<ul class=\"wp-block-list\">\n<li>Professor Dr. Anton Abdulbasah Kamil (Istanbul Gelisim Univesity, Turki)<\/li>\n\n\n\n<li>Assoc. Professor Dr. Azizul Azhari Bin Ramli (UTHM, Malaysia)<\/li>\n\n\n\n<li>Assoc. Professor Dr. Purba Daru Kusuma (Telkom University, Indonesia)<\/li>\n\n\n\n<li>Dr. Zubaile Bin Abdullah (UTHM, Malaysia) <\/li>\n\n\n\n<li>Dr. Edi Nuryatno, PhD, MSc, MACS CT, BSc (University Western Australia)<\/li>\n\n\n\n<li>Dr. Rabatul Aduni Binti Sulaiman (UTHM, Malaysia)<\/li>\n\n\n\n<li>Dr, Mahir Pradana (Telkom University, Indonesia)<\/li>\n\n\n\n<li>Assoc. Prof. \u00c7a\u011fla TU\u011eBERK ARIKER (Istanbul Gelisim University, Turkiye)<\/li>\n\n\n\n<li>Prof. Metin UYAR (Istanbul Gelisim University, Turkiye)<\/li>\n\n\n\n<li>Assoc. Prof. Adnan DUYGUN (Istanbul Gelisim University, Turkiye)<\/li>\n\n\n\n<li>Assoc. Prof. H\u00fcseyin \u00d6CAL (Istanbul Gelisim University, Turkiye)<\/li>\n\n\n\n<li>Assoc. Prof. Emrah DO\u011eAN (Istanbul Gelisim University, Turkiye)<\/li>\n\n\n\n<li>Assist. Prof. Asl\u0131han \u00dcNAL (Istanbul Gelisim University, Turkiye)<\/li>\n\n\n\n<li>Assist. Prof. Arzu SERT \u00d6ZEN (Istanbul Gelisim University, Turkiye)<\/li>\n\n\n\n<li>Assist. Prof. Birol BAYSAK (Istanbul Gelisim University, Turkiye)<\/li>\n\n\n\n<li>Assist. Prof. \u00d6zlem Tu\u011f\u00e7e KELE\u015e (Istanbul Gelisim University, Turkiye)<\/li>\n\n\n\n<li>Assist. Prof. Dini VERDENIA (Istanbul Gelisim University, Turkiye)<\/li>\n\n\n\n<li>Assist. Prof. Mehmet \u015eirin YAKUT (Istanbul Gelisim University, Turkiye)<\/li>\n\n\n\n<li>Assist. Prof. B\u00fclent KARASU (Istanbul Gelisim University, Turkiye)<\/li>\n\n\n\n<li>Assist. Prof. Ali \u00d6ZBEK (Istanbul Gelisim University, Turkiye)<\/li>\n\n\n\n<li>Res. Assist. Zehra MAKAR(Istanbul Gelisim University, Turkiye)<\/li>\n\n\n\n<li>Res. Assist. Tu\u011f\u00e7e TOP\u00c7U (Istanbul Gelisim University, Turkiye)<\/li>\n\n\n\n<li>Res. Assist. Asel ATAO\u011eLU (Istanbul Gelisim University, Turkiye)<\/li>\n\n\n\n<li>Res. Assist. Cansu T\u00dcRKER (Istanbul Gelisim University, Turkiye)<\/li>\n\n\n\n<li>Res. Assist. Melih YILDIZ (Istanbul Gelisim University, Turkiye)<\/li>\n<\/ul>\n\n\n\n<h2 class=\"wp-block-heading\">Reviewer Committee<\/h2>\n\n\n\n<ul class=\"wp-block-list\">\n<li>Prof. Kenan AYDIN (Istanbul Gelisim Univesity, Turki)<\/li>\n\n\n\n<li>Prof. Anton Abdulbasah KAMIL (Istanbul Gelisim Univesity, Turki)<\/li>\n\n\n\n<li>Prof. Metin UYAR (Istanbul Gelisim Univesity, Turki)<\/li>\n\n\n\n<li>Assoc. Prof. Adnan DUYGUN (Istanbul Gelisim Univesity, Turki)<\/li>\n\n\n\n<li>Assoc. Prof. H\u00fcseyin \u00d6CAL (Istanbul Gelisim Univesity, Turki)<\/li>\n\n\n\n<li>Assoc. Prof. \u00c7a\u011fla TU\u011eBERK ARIKER (Istanbul Gelisim Univesity, Turki)<\/li>\n\n\n\n<li>Assoc. Prof. Emrah DO\u011eAN (Istanbul Gelisim Univesity, Turki)<\/li>\n\n\n\n<li>Assist. Prof. Arzu SERT \u00d6ZEN (Istanbul Gelisim Univesity, Turki)<\/li>\n\n\n\n<li>Assist. Prof. Asl\u0131han \u00dcNAL (Istanbul Gelisim Univesity, Turki)<\/li>\n\n\n\n<li>Assist. Prof. Birol BAYSAK (Istanbul Gelisim Univesity, Turki)<\/li>\n\n\n\n<li>Assist. Prof. \u00d6zlem Tu\u011f\u00e7e KELE\u015e (Istanbul Gelisim Univesity, Turki)<\/li>\n\n\n\n<li>Dr. Cik Feresa Binti Mohd Foozy (UTHM, Malaysia)<\/li>\n\n\n\n<li>Dr. Nordiana Binti Rahim (UTHM, Malaysia)<\/li>\n\n\n\n<li>Dr. Nur Ziadah Binti Harun (UTHM, Malaysia)<\/li>\n\n\n\n<li>Dr. Siti Fadzlun Binti Md Salleh (UTHM, Malaysia)<\/li>\n\n\n\n<li>Puan Munirah Binti Mohd Yusof (UTHM, Malaysia)<\/li>\n\n\n\n<li>Anggun Fergina, M.Kom (Nusa Putra University, Indonesia)<\/li>\n\n\n\n<li>Falentino Sembiring M.Kom (Nusa Putra University,Indonesia)<\/li>\n<\/ul>\n\n\n\n<h2 class=\"wp-block-heading\">Organizing Committee<\/h2>\n\n\n\n<ul class=\"wp-block-list\">\n<li>Assoc. Prof. Dr Shahreen Binti Kasim (UTHM, Malaysia)<\/li>\n\n\n\n<li>Assoc. Professor Dr Lee Yun Li (Sunway University)<\/li>\n\n\n\n<li>Dr Shahdatunnaim Binti Azmi (UTHM, Malaysia)<\/li>\n\n\n\n<li>Muhammad Shukri Bin Che Lah (UTHM, Malaysia)<\/li>\n\n\n\n<li>Dr. Mohamad Aizi Bin Salamat (UTHM, Malaysia)<\/li>\n\n\n\n<li>Puan Munirah Binti Mohd Yusof (UTHM, Malaysia)<\/li>\n\n\n\n<li>Prof. Anton Abdulbasah KAMIL (Istanbul Gelisim Univesity, Turki)<\/li>\n\n\n\n<li>Prof. Kenan AYDIN (Istanbul Gelisim Univesity, Turki)<\/li>\n\n\n\n<li>Assoc. Prof. \u00c7a\u011fla TU\u011eBERK ARIKER (Istanbul Gelisim Univesity, Turki)<\/li>\n\n\n\n<li>Prof. Metin UYAR (Istanbul Gelisim Univesity, Turki)<\/li>\n\n\n\n<li>Assoc. Prof. Adnan DUYGUN (Istanbul Gelisim Univesity, Turki)<\/li>\n\n\n\n<li>Assoc. Prof. H\u00fcseyin \u00d6CAL (Istanbul Gelisim Univesity, Turki)<\/li>\n\n\n\n<li>Assoc. Prof. Emrah DO\u011eAN (Istanbul Gelisim Univesity, Turki)<\/li>\n\n\n\n<li>Assist. Prof. Asl\u0131han \u00dcNAL (Istanbul Gelisim Univesity, Turki)<\/li>\n\n\n\n<li>Assist. Prof. Arzu SERT \u00d6ZEN (Istanbul Gelisim Univesity, Turki)<\/li>\n\n\n\n<li>Assist. Prof. Birol BAYSAK (Istanbul Gelisim Univesity, Turki)<\/li>\n\n\n\n<li>Assist. Prof. \u00d6zlem Tu\u011f\u00e7e KELE\u015e (Istanbul Gelisim Univesity, Turki)<\/li>\n\n\n\n<li>Assist. Prof. Dini VERDENIA (Istanbul Gelisim Univesity, Turki)<\/li>\n\n\n\n<li>Assist. Prof. Mehmet \u015eirin YAKUT (Istanbul Gelisim Univesity, Turki)<\/li>\n\n\n\n<li>Assist. Prof. B\u00fclent KARASU (Istanbul Gelisim Univesity, Turki)<\/li>\n\n\n\n<li>Assist. Prof. Ali \u00d6ZBEK (Istanbul Gelisim Univesity, Turki)<\/li>\n\n\n\n<li>Res. Assist. Zehra MAKAR (Istanbul Gelisim Univesity, Turki)<\/li>\n\n\n\n<li>Res. Assist. Tu\u011f\u00e7e TOP\u00c7U (Istanbul Gelisim Univesity, Turki)<\/li>\n\n\n\n<li>Res. Assist. Asel ATAO\u011eLU (Istanbul Gelisim Univesity, Turki)<\/li>\n\n\n\n<li>Res. Assist. Cansu T\u00dcRKER (Istanbul Gelisim Univesity, Turki)<\/li>\n\n\n\n<li>Res. Assist. Melih YILDIZ (Istanbul Gelisim Univesity, Turki)<\/li>\n\n\n\n<li>Assoc. Prof. Dr. Serkan Demirel  (Istanbul Gelisim Univesity, Turki)<\/li>\n<\/ul>\n\n\n\n<h2 class=\"wp-block-heading\">Publication Chairs<\/h2>\n\n\n\n<ul class=\"wp-block-list\">\n<li>Ryan Adhitya Nugrahai MT (Stockholm University, Sweden)<\/li>\n\n\n\n<li>Dr. Nur Afiqah Shahadun (UTHM, Malaysia)<\/li>\n<\/ul>\n\n\n\n<h2 class=\"wp-block-heading\">Treasurer Chairs<\/h2>\n\n\n\n<ul class=\"wp-block-list\">\n<li>Azaliyya Kania W (APRKN, Indonesia)<\/li>\n\n\n\n<li>Ryan Adhitya Nugrahai MT (Stockholm University, Sweden)<\/li>\n<\/ul>\n\n\n\n<p><\/p>\n","protected":false},"excerpt":{"rendered":"<p>Steering Committee Conference Chair Technical Programme Committee Reviewer Committee Organizing Committee Publication Chairs Treasurer Chairs<\/p>\n","protected":false},"author":1,"featured_media":0,"parent":0,"menu_order":0,"comment_status":"closed","ping_status":"closed","template":"","meta":{"footnotes":""},"class_list":["post-89","page","type-page","status-publish","hentry","latest_post"],"yoast_head":"<!-- This site is optimized with the Yoast SEO plugin v24.4 - https:\/\/yoast.com\/wordpress\/plugins\/seo\/ -->\n<title>ORGANIZATION - INSIGHT<\/title>\n<meta name=\"robots\" content=\"index, follow, max-snippet:-1, max-image-preview:large, max-video-preview:-1\" \/>\n<link rel=\"canonical\" href=\"https:\/\/www.insight-conf.org\/index.php\/organization\/\" \/>\n<meta property=\"og:locale\" content=\"en_US\" \/>\n<meta property=\"og:type\" content=\"article\" \/>\n<meta property=\"og:title\" content=\"ORGANIZATION - INSIGHT\" \/>\n<meta property=\"og:description\" content=\"Steering Committee Conference Chair Technical Programme Committee Reviewer Committee Organizing Committee Publication Chairs Treasurer Chairs\" \/>\n<meta property=\"og:url\" content=\"https:\/\/www.insight-conf.org\/index.php\/organization\/\" \/>\n<meta property=\"og:site_name\" content=\"INSIGHT\" \/>\n<meta property=\"article:modified_time\" content=\"2026-04-08T01:00:19+00:00\" \/>\n<meta name=\"twitter:card\" content=\"summary_large_image\" \/>\n<meta name=\"twitter:label1\" content=\"Est. reading time\" \/>\n\t<meta name=\"twitter:data1\" content=\"4 minutes\" \/>\n<script type=\"application\/ld+json\" class=\"yoast-schema-graph\">{\"@context\":\"https:\/\/schema.org\",\"@graph\":[{\"@type\":\"WebPage\",\"@id\":\"https:\/\/www.insight-conf.org\/index.php\/organization\/\",\"url\":\"https:\/\/www.insight-conf.org\/index.php\/organization\/\",\"name\":\"ORGANIZATION - INSIGHT\",\"isPartOf\":{\"@id\":\"https:\/\/www.insight-conf.org\/#website\"},\"datePublished\":\"2025-02-12T07:56:16+00:00\",\"dateModified\":\"2026-04-08T01:00:19+00:00\",\"breadcrumb\":{\"@id\":\"https:\/\/www.insight-conf.org\/index.php\/organization\/#breadcrumb\"},\"inLanguage\":\"en-US\",\"potentialAction\":[{\"@type\":\"ReadAction\",\"target\":[\"https:\/\/www.insight-conf.org\/index.php\/organization\/\"]}]},{\"@type\":\"BreadcrumbList\",\"@id\":\"https:\/\/www.insight-conf.org\/index.php\/organization\/#breadcrumb\",\"itemListElement\":[{\"@type\":\"ListItem\",\"position\":1,\"name\":\"Home\",\"item\":\"https:\/\/www.insight-conf.org\/\"},{\"@type\":\"ListItem\",\"position\":2,\"name\":\"ORGANIZATION\"}]},{\"@type\":\"WebSite\",\"@id\":\"https:\/\/www.insight-conf.org\/#website\",\"url\":\"https:\/\/www.insight-conf.org\/\",\"name\":\"INSIGHT\",\"description\":\"INSIGHT 2026\",\"potentialAction\":[{\"@type\":\"SearchAction\",\"target\":{\"@type\":\"EntryPoint\",\"urlTemplate\":\"https:\/\/www.insight-conf.org\/?s={search_term_string}\"},\"query-input\":{\"@type\":\"PropertyValueSpecification\",\"valueRequired\":true,\"valueName\":\"search_term_string\"}}],\"inLanguage\":\"en-US\"}]}<\/script>\n<!-- \/ Yoast SEO plugin. -->","yoast_head_json":{"title":"ORGANIZATION - INSIGHT","robots":{"index":"index","follow":"follow","max-snippet":"max-snippet:-1","max-image-preview":"max-image-preview:large","max-video-preview":"max-video-preview:-1"},"canonical":"https:\/\/www.insight-conf.org\/index.php\/organization\/","og_locale":"en_US","og_type":"article","og_title":"ORGANIZATION - INSIGHT","og_description":"Steering Committee Conference Chair Technical Programme Committee Reviewer Committee Organizing Committee Publication Chairs Treasurer Chairs","og_url":"https:\/\/www.insight-conf.org\/index.php\/organization\/","og_site_name":"INSIGHT","article_modified_time":"2026-04-08T01:00:19+00:00","twitter_card":"summary_large_image","twitter_misc":{"Est. reading time":"4 minutes"},"schema":{"@context":"https:\/\/schema.org","@graph":[{"@type":"WebPage","@id":"https:\/\/www.insight-conf.org\/index.php\/organization\/","url":"https:\/\/www.insight-conf.org\/index.php\/organization\/","name":"ORGANIZATION - INSIGHT","isPartOf":{"@id":"https:\/\/www.insight-conf.org\/#website"},"datePublished":"2025-02-12T07:56:16+00:00","dateModified":"2026-04-08T01:00:19+00:00","breadcrumb":{"@id":"https:\/\/www.insight-conf.org\/index.php\/organization\/#breadcrumb"},"inLanguage":"en-US","potentialAction":[{"@type":"ReadAction","target":["https:\/\/www.insight-conf.org\/index.php\/organization\/"]}]},{"@type":"BreadcrumbList","@id":"https:\/\/www.insight-conf.org\/index.php\/organization\/#breadcrumb","itemListElement":[{"@type":"ListItem","position":1,"name":"Home","item":"https:\/\/www.insight-conf.org\/"},{"@type":"ListItem","position":2,"name":"ORGANIZATION"}]},{"@type":"WebSite","@id":"https:\/\/www.insight-conf.org\/#website","url":"https:\/\/www.insight-conf.org\/","name":"INSIGHT","description":"INSIGHT 2026","potentialAction":[{"@type":"SearchAction","target":{"@type":"EntryPoint","urlTemplate":"https:\/\/www.insight-conf.org\/?s={search_term_string}"},"query-input":{"@type":"PropertyValueSpecification","valueRequired":true,"valueName":"search_term_string"}}],"inLanguage":"en-US"}]}},"_links":{"self":[{"href":"https:\/\/www.insight-conf.org\/index.php\/wp-json\/wp\/v2\/pages\/89","targetHints":{"allow":["GET"]}}],"collection":[{"href":"https:\/\/www.insight-conf.org\/index.php\/wp-json\/wp\/v2\/pages"}],"about":[{"href":"https:\/\/www.insight-conf.org\/index.php\/wp-json\/wp\/v2\/types\/page"}],"author":[{"embeddable":true,"href":"https:\/\/www.insight-conf.org\/index.php\/wp-json\/wp\/v2\/users\/1"}],"replies":[{"embeddable":true,"href":"https:\/\/www.insight-conf.org\/index.php\/wp-json\/wp\/v2\/comments?post=89"}],"version-history":[{"count":34,"href":"https:\/\/www.insight-conf.org\/index.php\/wp-json\/wp\/v2\/pages\/89\/revisions"}],"predecessor-version":[{"id":613,"href":"https:\/\/www.insight-conf.org\/index.php\/wp-json\/wp\/v2\/pages\/89\/revisions\/613"}],"wp:attachment":[{"href":"https:\/\/www.insight-conf.org\/index.php\/wp-json\/wp\/v2\/media?parent=89"}],"curies":[{"name":"wp","href":"https:\/\/api.w.org\/{rel}","templated":true}]}}